f h**4/12 - 5*h**3/6 - h**2/2 - 45*h. Let d be t(6). What is the highest common divisor of 5 and d?
5
Let g be ((-44)/(-6))/(1/9). Let u = 43 - g. Let i = 56 + u. What is the highest common divisor of 22 and i?
11
Let f(g) = -g + 377. Let u be f(0). Suppose -534 + 1594 = 508*x - 5544. Calculate the greatest common divisor of x and u.
13
Suppose 0 = -404*x + 398*x + 2322. Calculate the highest common factor of 86 and x.
43
Suppose 0 = m + 3*m + 16. Let h be 32/((-16)/m) - -3. Let s = h + -4. What is the highest common factor of 1 and s?
1
Let l be 2/(6/4 + -1). Suppose 3*m = l*k + 5*m - 64, -5*m = 0. Suppose 5*i - 179 + 59 = 0. What is the greatest common divisor of k and i?
8
Suppose -3*x - 3 = 0, -5*f - 71 = -2*x + 57. Let s = 23 + f. Let a be 45/4 - s/(-12). Calculate the highest common factor of a and 55.
11
Suppose -2*y - m + 2*m - 123 = 0, -5*y - 315 = 5*m. Let p = y - -157. What is the greatest common factor of p and 19?
19
Let q = 5 - -11. Let j = q - 16. Suppose -3*p = -2*v - 22, -3*p + 3*v = -j*v - 27. Calculate the highest common divisor of 10 and p.
2
Let s(l) = -l - 5. Let k be s(-7). Let a be 203/63 + k/(-9) + 0. Calculate the greatest common divisor of a and 3.
3
Let s be 28/98 - 205/7. Let g = s - -53. Calculate the highest common divisor of 72 and g.
24
Suppose 0 = -227*x + 221*x + 19080. Calculate the highest common divisor of 60 and x.
60
Suppose -5*p + 6 = -154. Suppose 0 = 5*l + z - 17, 17 = 2*l - 0*l - 3*z. Calculate the greatest common divisor of p and l.
4
Let i = -2 - -3. Let s(u) = 9*u + 29. Let d be s(-3). Suppose -d*q = -i - 37. What is the greatest common factor of q and 57?
19
Suppose 0 = 2*w - 5*c - 4, w = -c - c + 11. Suppose 4*q = 3*p + 582, -3*q - w*p = -3*p - 424. What is the greatest common divisor of q and 18?
18
Suppose z - 1474 = -4*j, -1385 - 113 = -z + 2*j. Calculate the highest common divisor of z and 20.
10
Let t be 26 + (2 - (2 + 3)). Let g = -204 + 388. What is the greatest common divisor of g and t?
23
Let t be 59 + -3*(24/18)/(-4). Calculate the highest common divisor of 330 and t.
30
Let l(b) be the first derivative of -3*b**4/4 - 4*b**3/3 + 6*b - 21. Let p be l(-2). What is the greatest common factor of p and 126?
14
Let p = -31 + 38. Suppose p*a = 1040 - 200. Calculate the highest common factor of 80 and a.
40
Let u(j) = -6 + 5*j - 5*j - 4*j. Let d be u(-5). Let i = d - -2. Calculate the highest common divisor of i and 2.
2
Let c be (3600/(-32))/(-15)*(34 + 0). What is the highest common divisor of c and 120?
15
Suppose 5*b - 91 = -4*j, 0 = 2*b + 2*b + 3*j - 72. Calculate the greatest common factor of 10 and b.
5
Let x = 164 - 89. Suppose j = -4*j + x. Calculate the highest common factor of j and 5.
5
Suppose -5*x + 140 = 5*o, -3*x + 34*o - 31*o = -114. Suppose 4*t = 3*s + 3*t - 5, -2*t = -s - 5. What is the highest common divisor of s and x?
3
Let q be (34/(-4))/((-2)/32). Let w be (16/(-24))/(1/(-3)). Let t be ((-119)/14)/((-1)/w). Calculate the highest common divisor of t and q.
17
Suppose -4*w = -w - 696. Let z(p) = 2*p - 6. Let g be z(6). Suppose -g*n + w = -4*n. Calculate the highest common divisor of 29 and n.
29
Let d = 2169 - 1785. Calculate the greatest common factor of 144 and d.
48
Let v = -88 - -48. Let r be v/(-7) + (-4)/(-14). Suppose -4*t + 120 = -0*t. What is the greatest common divisor of t and r?
6
Let w be 36/(306/(-45) + 7). Calculate the greatest common divisor of 60 and w.
60
Suppose -307 = -5*y - 2*u, 5*y - 5*u + 2*u = 327. Let g be 36/y - 206/(-7). Calculate the greatest common divisor of g and 20.
10
Suppose 5*g - 61 = 4*h - h, -7 = h - 5*g. Let s = 38 + h. Let c(n) = 3*n - 18. Let v be c(s). Calculate the greatest common divisor of 6 and v.
3
Let x be ((-1)/4 - (-2)/8)/4. Suppose -4*r - 1880 = -4*g, -4*r = -x*g - g + 461. Calculate the greatest common factor of 43 and g.
43
Let s(t) = -4*t**3 - 13*t**2 - 15*t - 18. Let x be s(-5). What is the highest common divisor of x and 24?
8
Let s be (6*(-18)/(-30))/(3/20*2). Let d(u) = 4*u**2 + 3*u + 2. Let r be d(-2). What is the highest common factor of r and s?
12
Let t(k) = -11*k**2 - k - 4. Let d be t(2). Let m be (-2)/(-5) - 730/d. Calculate the greatest common divisor of m and 165.
15
Suppose 3*f - 4*c = 110, 53*c = f + 49*c - 26. Suppose 140 = 7*z - 2*z. What is the greatest common divisor of z and f?
14
Let n = -172 + 282. Let z = n - 93. What is the greatest common divisor of 68 and z?
17
Suppose 4*i - k = 564, -4*i - 3*k + 544 = k. Let o = -23 - -79. What is the greatest common factor of o and i?
28
Suppose 461 - 169 = 4*g. Let j = g + 27. Suppose -6*c + 2*c = -j. What is the greatest common factor of 150 and c?
25
Let i = 1820 + -156. What is the highest common divisor of 52 and i?
52
Let v(j) = j**2 - 2*j. Let z be v(4). Suppose -4*y + 2 = 5*x - 3*x, -x - 5*y = z. Calculate the greatest common divisor of x and 77.
7
Let d(p) = -p**2 + 34*p - 211. Let j be d(14). What is the greatest common divisor of 1863 and j?
69
Suppose 177 - 57 = 5*b. Suppose 0 = 3048*i - 3074*i + 832. What is the highest common factor of i and b?
8
Suppose -105 - 83 = -4*j. What is the greatest common factor of j and 1?
1
Let s = 27 + -17. Let t be 0 + (2 + -1)*4. Suppose 0*p - 44 = -4*w - p, -t*w - 3*p = -52. Calculate the greatest common divisor of s and w.
10
Let q(u) = u**3 + 14*u**2 - 15*u + 16. Let s be q(-15). Calculate the greatest common factor of 48 and s.
16
Suppose 5*r - 411 - 1364 = 0. What is the greatest common divisor of 213 and r?
71
Suppose -2*o + 376 = 2*g + 3*o, 5*g + 4*o - 923 = 0. Calculate the greatest common factor of 122 and g.
61
Let v(a) = -2*a - 1. Let g be v(-3). Suppose 0 = g*y + 5*c - 90, -3*y + 5*c + 36 = 2*c. What is the greatest common factor of 75 and y?
15
Let t(c) = -c**3 - 3*c**2 - 6*c - 5. Let u(h) = -4*h + 24. Let i be u(7). Let l be t(i). What is the highest common divisor of 210 and l?
35
Let o be (-105)/30*(1/(-7) - 1). Suppose -o*m + 126 = 5*m. Calculate the highest common factor of 14 and m.
14
Let l = -1170 - -1206. What is the highest common factor of l and 117?
9
Let g be 12/(-3)*(-888)/37. Calculate the highest common divisor of 624 and g.
48
Suppose 4*i = 13*i - 36. Calculate the highest common factor of 100 and i.
4
Suppose n = -6*u + 47, u + 4*n = 2 + 25. Calculate the highest common divisor of u and 56.
7
Suppose -t = 3*t - 20. Suppose -5*g - 3 = 2. Let w be g/2*-55*2. Calculate the greatest common divisor of t and w.
5
Let v(c) = 4*c + 98. Let y be v(-24). What is the greatest common divisor of 38 and y?
2
Suppose -4 - 206 = -5*a. Suppose -5*o + 160 = 2*t - o, 5*o - 375 = -5*t. Let v be -1*t/(-8)*(10 - -2). What is the greatest common factor of a and v?
21
Suppose 16 = 33*s - 1667. Calculate the highest common divisor of s and 663.
51
Let b be -12*-12*(-2)/(-9). Suppose -6*d + 397 = -d + h, -231 = -3*d - 3*h. Calculate the greatest common factor of d and b.
16
Suppose -20 = -33*u + 23*u. What is the greatest common factor of u and 8?
2
Suppose 0 = 109*z + 3198 - 17150. What is the highest common factor of 224 and z?
32
Suppose 0 = -0*n - n + 2. Suppose 31 = 5*j + 3*h, j - 5*h - 7 = 2*j. Let f be 148/16 - n/j. Calculate the greatest common factor of 9 and f.
9
Let r(l) = -l**3 - 15*l**2 - 15*l - 9. Let o be r(-14). Let z(c) = 1 + o - c**3 + 6 + c - c**2. Let p be z(0). Calculate the highest common divisor of p and 3.
3
Let d be -5 - (1 - (-3 - (-1668)/2)). What is the greatest common divisor of 10 and d?
5
Let x(m) = -m + 27. Suppose -k - 54 = -4*d - 3*k, 5*d + 2*k - 69 = 0. Let y be x(d). What is the greatest common divisor of y and 48?
12
Let h be (1 - (1 + -1))/((-20)/(-140)). What is the highest common divisor of h and 77?
7
Let x be (-2)/(-7) - (-1450)/70. Let d = -3 + x. Let f be 94/d + 14/(-63). Calculate the highest common divisor of 35 and f.
5
Let k(r) = 3*r**2 - 79*r + 160. Let m be k(40). What is the highest common factor of m and 72?
72
Let z = 1794 - 1714. What is the highest common factor of 1320 and z?
40
Suppose 18*p = 9*p + 3510. What is the highest common divisor of p and 60?
30
Let a = 272 - 39. Suppose 0 = -r - 5*x + a, 7*r - x = 4*r + 763. What is the highest common divisor of r and 23?
23
Suppose 63*l = 5051 - 1586. Calculate the highest common divisor of 176 and l.